(h) be the first derivative of f(h). Is b(5) prime?
False
Let f(h) = 6*h**2 - 6*h + 17. Let a(l) = l**2 + l + 1. Let w(b) = -5*a(b) + f(b). Let y be w(9). Is 2/y + 696/9 a prime number?
False
Suppose 5*n - 156 = 2*n. Suppose 4*q - n - 16 = -4*t, 0 = -4*q - t + 59. Is q composite?
True
Let y = 4083 + -2810. Is y prime?
False
Suppose 2*n - 382 = -0*n. Is n prime?
True
Let p = 92 + 31. Is p composite?
True
Suppose 3*m - 19 + 7 = 0. Suppose 3*x + m*u - 751 = 0, -5*x + 0*x = u - 1263. Is x prime?
False
Suppose -w - 51 = 2*w. Let b = w - -39. Is b prime?
False
Let j be (-22)/(-33) + 14/(-3). Let l(q) = -54*q - 5. Is l(j) a composite number?
False
Let x = 12 - 7. Suppose -4*d - 57 = -x*d. Is d a composite number?
True
Let x = 27 + 14. Suppose 0 = -5*o - 3*h + x, 0 = 5*h - 3*h - 4. Is o composite?
False
Is ((-532)/((-4)/(-1)))/(-1) composite?
True
Let n = 83 - -168. Is n a composite number?
False
Let n(a) = a**3 + 9*a**2 - a - 1. Let j be n(-9). Let o(i) = 5*i - 3. Is o(j) prime?
True
Let o(g) = -g**3 + 2. Is o(-5) prime?
True
Let g be 4/6*(-90)/(-20). Is (-93)/(-2)*2/g composite?
False
Suppose 0 = 2*y + 7 - 21. Let s be (6/y)/(1/(-7)). Is s/(-8) + 962/8 prime?
False
Let o(d) = 10*d**2 - d - 1. Is o(-6) a prime number?
False
Suppose -8*t = -11*t + 861. Is t composite?
True
Let a = 1 + 36. Is a a composite number?
False
Suppose -4*a = -9*a + 40. Suppose -3*q = a + 1, 3*q - 90 = -3*s. Is s prime?
False
Let c(a) = -a + 13. Let u be c(11). Suppose 199 = j + 2*x, 3*j = -3*x + u*x + 577. Is j a prime number?
True
Let m(q) = -q**3 - q**2 - q + 89. Let n(i) = -i - 4. Let x be n(-4). Is m(x) a composite number?
False
Suppose 4*r = 2*l + 6 + 2, -5*l = -4*r + 8. Suppose l = -d + 14 - 6. Is ((-22)/d)/((-2)/8) a prime number?
True
Let k(j) = -46*j**3 - 3*j**2 - j. Suppose 2*v - 5*v = 6. Is k(v) a prime number?
False
Let z = -366 + 917. Is z a composite number?
True
Let l(m) = m. Let g be l(3). Suppose 41 = g*z - 124. Is z prime?
False
Suppose 0 = 2*p + 4, -5*f - 2*p = -3*p - 102. Let t = f - -107. Is t composite?
False
Let k = 5 + -6. Let j(y) = 58*y**2 - y. Is j(k) a prime number?
True
Is (6 - 5)*97998/6 prime?
True
Let h(x) = x**2 - 3*x + 1. Let n(v) = 2*v**2 - 3*v + 2. Let i(b) = -4*h(b) + 3*n(b). Let m be i(-2). Suppose -j = -m*j + 42. Is j prime?
False
Let j = -52 - -251. Is j prime?
True
Suppose 2*r - 2*g - 8 = -20, -3*r - 10 = -g. Let m(k) = -10*k**3 + k**2 + 2*k + 3. Is m(r) a composite number?
False
Suppose 6*w = 3*w + 807. Suppose -63 = 2*z - w. Is z a prime number?
True
Let x be 2/(-7) - 156/(-7). Let j be 4/x - (-3296)/22. Suppose 81 = 3*o - j. Is o a prime number?
False
Suppose i + i - 4 = 0. Let v(s) = 27*s**3 - 2*s**2 + 3. Is v(i) a prime number?
True
Let w(x) be the third derivative of 175*x**4/24 - 11*x**3/6 - 7*x**2. Is w(4) a composite number?
True
Let v be 2 + (0 - 0) + -1. Let c = -4 + 9. Suppose c = w - v. Is w a composite number?
True
Let s(h) = h**3 + 13*h**2 + 9*h - 22. Is s(-9) a prime number?
False
Let z be 1/((-1)/(-2)*-1). Let v be 8/z + -2 + 1. Is (v - -4)/((-1)/127) prime?
True
Suppose -4*f + 415 = -509. Suppose -6*n = -3*n - f. Is n a prime number?
False
Is (2/6)/((-8)/(-129864)) prime?
False
Let b(q) = 4*q + 2*q**3 - q**3 - 4 - 4*q**2 + 2*q**3. Is b(3) a composite number?
False
Let w(u) = -88*u + 1. Suppose 2*p + 24 = 4. Let v be 34/p - 4/(-10). Is w(v) composite?
True
Let h(q) = 13*q**2 - q + 1. Let k be h(1). Let b = k - -1. Let r = b + 11. Is r a prime number?
False
Suppose -f + 5*w + 516 = 0, 4*f + 2*w = 1706 + 468. Is f composite?
False
Let y = 28 - 52. Suppose -5*o = -2*o - 3*q - 240, -2*o + 167 = 5*q. Let v = y + o. Is v a prime number?
False
Let p = 619 - 128. Is p prime?
True
Let a(k) = 3*k + 6. Let q be a(-4). Let w(g) = -g**3 - 2*g**2 - 8*g - 5. Is w(q) composite?
True
Let y be ((-21)/(-6))/(1/4). Suppose 4*w - b - 11 = 0, 2*w - y = -2*w - 2*b. Is (93/9*w)/1 prime?
True
Let j be 3/(-6)*0 - -231. Suppose -h = -f + 3*f - 426, f + 5*h = j. Is f prime?
True
Let o be (-735)/(-9) + (-4)/(-12). Suppose -o = -3*t + 2*h, -3 + 1 = h. Is t a composite number?
True
Let d be 0 + 1 + -2 + 2. Is 111*(-1)/(-3)*d prime?
True
Let a(m) = 14*m**3. Suppose 2*k - k - 7 = -5*w, -5*k = 3*w - 13. Is a(w) a composite number?
True
Suppose 0 = -3*f - 3*q + 9618, -2*f - q = -2849 - 3560. Is f prime?
True
Let u(s) = 3*s**3 + s**2 - 3*s + 3. Is u(4) prime?
True
Suppose -2*r - 2*l = -74, -232 = -5*r + 4*l - 29. Is r a prime number?
False
Suppose 3*m - 221 = -5*q, 3*m - 2*m + 5*q = 67. Let n = 7 - 4. Suppose -i + 5*p + 22 = -10, n*p = -2*i + m. Is i a prime number?
True
Suppose -p = 3*p. Suppose h + 3*u + 29 = p, -2*u - 106 = h + 4*h. Let g = -9 - h. Is g a prime number?
True
Let o(c) = c. Let u(w) = -6*w + 13. Let j(m) = -o(m) - u(m). Let v(q) = 1. Let r(l) = -j(l) - 6*v(l). Is r(-6) a composite number?
False
Suppose 0 = 3*z + 2*z. Suppose -r + 21 - 6 = z. Is r composite?
True
Let a(r) be the third derivative of -r**4/3 - r**3/6 - r**2. Suppose -4*p = 2*w - 6, -w - 1 = -6*w - 3*p. Is a(w) composite?
False
Let o = -2 - 0. Let y be 1 + o/(-4)*4. Suppose 0 = 4*a - y*f - 65 + 14, 5*a - 63 = 4*f. Is a prime?
False
Is (2 + 0)/(44/17314) prime?
True
Let w = 155 + 56. Is w a composite number?
False
Let j = -3741 + 5992. Is j composite?
False
Let h = 8 - 6. Let y(g) = 1 + 2*g**2 + h*g**2 + 5*g**2. Is y(-1) a prime number?
False
Let r(z) = -z + 18. Let k be r(13). Let d(x) = x**2 + x + 1. Let g(w) = 5*w. Let t(n) = 2*d(n) + g(n). Is t(k) prime?
False
Let x(k) = -k**2 + 6*k - 74. Let c(y) = -y. Let h(j) = -5*c(j) - x(j). Is h(0) a composite number?
True
Suppose 0 = y - 5*b + 16, -4*y - 41 = -0*b + 3*b. Let s(i) = 30*i**2 + i + 1. Let z be s(-1). Let x = z + y. Is x a prime number?
True
Let w = -4 - -8. Let x = 4 - w. Suppose x = j - 5*j + 220. Is j a prime number?
False
Let g(n) = 8*n**2 + 32*n + 13. Is g(-9) a prime number?
True
Suppose 2*m + 1 = 3*m, x = -m + 4. Let c be 10*(16 - (-9)/x). Let k = c + -105. Is k a composite number?
True
Let d be (0 + -1 - 2)/((-69)/(-782)). Let q(n) = -28*n + 3. Let m be q(2). Let l = d - m. Is l a composite number?
False
Let v(o) = 7*o**2 - 6*o + 71. Let s(y) = -20*y**2 + 17*y - 212. Let a(c) = -6*s(c) - 17*v(c). Is a(0) prime?
False
Let d(b) = b**2 - 3*b - 8. Let i be d(-6). Let j = i - 27. Is j prime?
True
Let a(u) = -u + 8. Let t be a(-5). Is 2/t - 63393/(-221) a prime number?
False
Suppose 496 = i - 3*n, 7*i - 2*i + 5*n = 2460. Is i prime?
False
Let c be ((-4)/10)/((-2)/30). Suppose -3*g = -c*g + 12. Suppose -v = -g*b + 193, -4*b + 242 = b - v. Is b prime?
False
Let u = 2078 + -1236. Let x = u - 429. Is x a composite number?
True
Let r = -2 + 7. Suppose j - r*j = -232. Is j composite?
True
Suppose -3*h + 18 = -4*o - o, -4*h + 24 = o. Suppose 3*g = 2*z, 2*g + z = g - 5. Is (g/h)/(1/(-33)) composite?
False
Suppose g = y + 2*g - 164, -3*y = -5*g - 484. Is y a composite number?
False
Suppose -3*x - 5 = -5*w, -7*w = -3*w + 2*x - 26. Suppose -f - 168 = -w*f. Suppose -f = 4*l - 588. Is l a composite number?
True
Let c(n) = -n + 205. Is c(0) a composite number?
True
Suppose 0 = 4*p + 4*d - 1508, 0*d = -5*p + 4*d + 1921. Is p a composite number?
True
Let l = 1008 + -561. Is l a prime number?
False
Suppose 4*d + d - 3*h = -2570, 2069 = -4*d + 5*h. Let u = -309 - d. Is u a prime number?
False
Let x = -1024 - -1867. Is x a composite number?
True
Let m(l) = 836*l**2 - 1. Is m(1) prime?
False
Suppose 0 = -2*m + m, 3*p + 4*m = 18. Let h be (6/4)/(p/8). Let k = h - -51. Is k composite?
False
Suppose 2*w - 3*w = 0. Let i = 0 + w. Suppose -j - 5*g + 14 = i, -4*j + 61 - 5 = 3*g. Is j a prime number?
False
Suppose i - 22 = 31. Suppose 6*a = 5*a + i. Is a prime?
True
Let s = -559 + 1853. Suppose -294 - s = -4*r. Is r a composite number?
False
Suppose 13*q - 1121 = 5860. Is q prime?
False
Let g(n) = 13*n - 21. Is g(14) a composite number?
True
Suppose 3*b = i + 1513, 0 = -0*b + 5*b + i - 2511. Is b composite?
False
Suppose 3*b - 67 = 59. Suppose 0 = -g - 11 + b. Is g a composite number?
False
Let z(i) = 80*i**3 - 3*i**2 + 2*i. Is z(1) composite?
False
Let z = 79 + -14. Suppose 5*q = -3*m - 12, 6*q - 12 = 2*q + 3*m. Suppose -5*f + q*f = -z. Is f composite?
False
Let f(b) = b - 1. Let o be f(5). Let q be 543 + (4 - 3 - o). Suppose -5*x + 10 =